{"id":45,"date":"2013-01-30T09:58:04","date_gmt":"2013-01-30T08:58:04","guid":{"rendered":"http:\/\/www.obermuehle-markoebel.de\/WP33\/?page_id=45"},"modified":"2013-03-01T12:15:43","modified_gmt":"2013-03-01T11:15:43","slug":"koppeln","status":"publish","type":"page","link":"http:\/\/www.obermuehle-markoebel.de\/?page_id=45","title":{"rendered":"Weiden"},"content":{"rendered":"<p>Die Pferde werden von Fr\u00fchjahr bis Herbst auf weitreichenden Weiden direkt am Hof gehalten. Sie sind Tag und Nacht drau\u00dfen.<\/p>\n<p>Weideunterstand und Wassertr\u00e4nke sind selbstverst\u00e4ndlich jederzeit zug\u00e4nglich. Auch hier wird wieder die Bewegung der Pferde angeregt, da\u00a0beides r\u00e4umlich von der Weide getrennt ist: Ein Weg verbindet Tr\u00e4nke, Unterstand und die jeweils ge\u00f6ffnete Weide.<\/p>\nngg_shortcode_0_placeholder\n","protected":false},"excerpt":{"rendered":"<p>Die Pferde werden von Fr\u00fchjahr bis Herbst auf weitreichenden Weiden direkt am Hof gehalten. Sie sind Tag und Nacht drau\u00dfen. Weideunterstand und Wassertr\u00e4nke sind selbstverst\u00e4ndlich jederzeit zug\u00e4nglich. Auch hier wird wieder die Bewegung der Pferde angeregt, da\u00a0beides r\u00e4umlich von der Weide getrennt ist: Ein Weg verbindet Tr\u00e4nke, Unterstand und die jeweils ge\u00f6ffnete Weide.<\/p>\n","protected":false},"author":1,"featured_media":0,"parent":40,"menu_order":2,"comment_status":"closed","ping_status":"closed","template":"onecolumn-page.php","meta":{"ngg_post_thumbnail":0,"footnotes":""},"class_list":["post-45","page","type-page","status-publish","hentry"],"_links":{"self":[{"href":"http:\/\/www.obermuehle-markoebel.de\/index.php?rest_route=\/wp\/v2\/pages\/45","targetHints":{"allow":["GET"]}}],"collection":[{"href":"http:\/\/www.obermuehle-markoebel.de\/index.php?rest_route=\/wp\/v2\/pages"}],"about":[{"href":"http:\/\/www.obermuehle-markoebel.de\/index.php?rest_route=\/wp\/v2\/types\/page"}],"author":[{"embeddable":true,"href":"http:\/\/www.obermuehle-markoebel.de\/index.php?rest_route=\/wp\/v2\/users\/1"}],"replies":[{"embeddable":true,"href":"http:\/\/www.obermuehle-markoebel.de\/index.php?rest_route=%2Fwp%2Fv2%2Fcomments&post=45"}],"version-history":[{"count":20,"href":"http:\/\/www.obermuehle-markoebel.de\/index.php?rest_route=\/wp\/v2\/pages\/45\/revisions"}],"predecessor-version":[{"id":138,"href":"http:\/\/www.obermuehle-markoebel.de\/index.php?rest_route=\/wp\/v2\/pages\/45\/revisions\/138"}],"up":[{"embeddable":true,"href":"http:\/\/www.obermuehle-markoebel.de\/index.php?rest_route=\/wp\/v2\/pages\/40"}],"wp:attachment":[{"href":"http:\/\/www.obermuehle-markoebel.de\/index.php?rest_route=%2Fwp%2Fv2%2Fmedia&parent=45"}],"curies":[{"name":"wp","href":"https:\/\/api.w.org\/{rel}","templated":true}]}}